o base 8.
-240
-2 (base 15) to base 6
-2
What is -28 (base 16) in base 2?
-101000
What is 5 (base 16) in base 9?
5
What is -8 (base 15) in base 9?
-8
What is 32 (base 5) in base 12?
15
What is 13 (base 4) in base 8?
7
What is -11 (base 2) in base 10?
-3
Convert 0 (base 16) to base 9.
0
What is 2 (base 6) in base 12?
2
3 (base 7) to base 10
3
Convert 220 (base 9) to base 2.
10110100
Convert 5 (base 6) to base 5.
10
Convert 7a (base 12) to base 14.
6a
-14 (base 5) to base 16
-9
Convert -b (base 13) to base 8.
-13
What is 1112 (base 3) in base 9?
45
What is 11 (base 16) in base 14?
13
Convert -29 (base 12) to base 7.
-45
What is -122 (base 3) in base 6?
-25
Convert 0 (base 9) to base 6.
0
Convert -13 (base 12) to base 2.
-1111
Convert -d (base 16) to base 12.
-11
-9c (base 15) to base 11
-124
Convert -1 (base 16) to base 3.
-1
13 (base 7) to base 6
14
What is 14 (base 5) in base 4?
21
What is 13 (base 9) in base 5?
22
What is -3 (base 11) in base 5?
-3
Convert 1 (base 3) to base 16.
1
11 (base 11) to base 5
22
Convert -214 (base 6) to base 2.
-1010010
What is 140 (base 6) in base 14?
44
What is 7 (base 9) in base 14?
7
Convert -56 (base 8) to base 12.
-3a
What is -1 (base 12) in base 5?
-1
-11301 (base 4) to base 12
-269
What is 36 (base 10) in base 7?
51
What is 1 (base 11) in base 7?
1
What is -5 (base 14) in base 13?
-5
-1 (base 5) to base 8
-1
Convert -3 (base 11) to base 10.
-3
What is -7 (base 16) in base 14?
-7
1 (base 15) to base 8
1
What is -4 (base 12) in base 11?
-4
Convert -1a (base 14) to base 12.
-20
-6c (base 14) to base 10
-96
What is 2 (base 4) in base 10?
2
What is 1 (base 12) in base 4?
1
What is 3 (base 11) in base 10?
3
Convert -11 (base 5) to base 4.
-12
What is 8 (base 15) in base 4?
20
100 (base 16) to base 3
100111
-3 (base 8) to base 16
-3
1a6 (base 11) to base 14
12d
Convert 18 (base 10) to base 13.
15
-7 (base 12) to base 4
-13
Convert 6 (base 8) to base 9.
6
112 (base 4) to base 9
24
Convert 1f (base 16) to base 4.
133
What is 0 (base 15) in base 2?
0
-15 (base 6) to base 13
-b
3 (base 16) to base 3
10
-1 (base 2) to base 9
-1
Convert 2 (base 8) to base 3.
2
Convert 10120 (base 4) to base 13.
187
What is -44 (base 6) in base 4?
-130
-104 (base 5) to base 3
-1002
What is -7 (base 16) in base 14?
-7
Convert 30 (base 12) to base 2.
100100
2 (base 7) to base 12
2
What is -43 (base 5) in base 3?
-212
What is -3 (base 5) in base 4?
-3
What is -2 (base 14) in base 2?
-10
What is 0 (base 13) in base 4?
0
Convert 5 (base 9) to base 4.
11
What is 356 (base 7) in base 2?
10111100
-100000 (base 2) to base 4
-200
What is -275 (base 11) in base 5?
-2244
-101110111 (base 2) to base 15
-1a0
32 (base 13) to base 9
45
What is -5 (base 6) in base 16?
-5
Convert 11 (base 13) to base 12.
12
17c (base 13) to base 11
228
Convert 1 (base 16) to base 12.
1
What is -1 (base 2) in base 9?
-1
142 (base 14) to base 6
1102
Convert 10 (base 8) to base 12.
8
2 (base 5) to base 8
2
What is 10 (base 2) in base 10?
2
What is 0 (base 7) in base 14?
0
-7 (base 10) to base 14
-7
-110 (base 2) to base 13
-6
Convert 4a (base 12) to base 6.
134
Convert 2 (base 16) to base 12.
2
-37 (base 11) to base 12
-34
Convert 0 (base 3) to base 5.
0
-2 (base 12) to base 9
-2
Convert -135 (base 6) to base 7.
-113
What is 27 (base 9) in base 3?
221
Convert -51 (base 7) to base 6.
-100
What is 513 (base 8) in base 14?
199
What is -150 (base 9) in base 15?
-86
What is -20 (base 8) in base 15?
-11
18 (base 15) to base 5
43
-42 (base 6) to base 12
-22
-3 (base 9) to base 7
-3
What is -11 (base 7) in base 11?
-8
-2031 (base 4) to base 15
-96
Convert a8 (base 15) to base 14.
b4
What is -62 (base 12) in base 16?
-4a
2 (base 13) to base 6
2
12110 (base 4) to base 6
1512
Convert 1221 (base 3) to base 7.
103
Convert -27 (base 16) to base 4.
-213
2 (base 6) to base 2
10
-152 (base 7) to base 9
-105
Convert 133 (base 4) to base 3.
1011
Convert 13 (base 9) to base 4.
30
Convert -1 (base 10) to base 7.
-1
Convert 0 (base 7) to base 2.
0
What is 1303 (base 4) in base 14?
83
Convert 8 (base 15) to base 7.
11
Convert -5 (base 16) to base 6.
-5
Convert -4 (base 9) to base 14.
-4
-53 (base 6) to base 13
-27
-5 (base 10) to base 9
-5
-2 (base 11) to base 14
-2
3 (base 6) to base 12
3
5 (base 15) to base 8
5
1 (base 10) to base 7
1
-1411 (base 5) to base 4
-3213
Convert -c7 (base 14) to base 4.
-2233
Convert -33 (base 14) to base 2.
-101101
What is 1 (base 10) in base 15?
1
Convert -1 (base 7) to base 14.
-1
What is 13 (base 15) in base 13?
15
What is -33 (base 11) in base 2?
-100100
What is -12 (base 8) in base 14?
-a
What is -2 (base 6) in base 7?
-2
11 (base 6) to base 4
13
Convert 320 (base 6) to base 10.
120
Convert -111011 (base 2) to base 3.
-2012
What is 112 (base 5) in base 12?
28
7 (base 14) to base 12
7
What is 80 (base 16) in base 3?
11202
What is 29 (base 15) in base 2?
100111
32 (base 12) to base 8
46
What is 0 (base 7) in base 6?
0
What is -2 (base 11) in base 15?
-2
Convert -38 (base 11) to base 16.
-29
Convert 3 (base 11) to base 2.
11
What is -2 (base 4) in base 10?
-2
What is 143 (base 5) in base 7?
66
7 (base 16) to base 9
7
What is 5 (base 13) in base 12?
5
1 (base 6) to base 2
1
Convert -110000 (base 2) to base 7.
-66
Convert -1 (base 2) to base 13.
-1
113 (base 4) to base 10
23
What is 3 (base 13) in base 9?
3
224 (base 7) to base 13
8c
What is -116 (base 10) in base 12?
-98
Convert -19 (base 10) to base 14.
-15
100 (base 5) to base 16
19
What is 220 (base 6) in base 10?
84
3 (base 9) to base 14
3
-40 (base 7) to base 2
-11100
Convert 114 (base 5) to base 6.
54
Convert -11 (base 15) to base 5.
-31
What is -3 (base 16) in base 4?
-3
-11 (base 3) to base 7
-4
Convert -1 (base 5) to base 15.
-1
What is 1 (base 9) in base 4?
1
What is 30 (base 16) in base 13?
39
What is 16 (base 8) in base 16?
e
-16 (base 8) to base 15
-e
Convert -11010101 (base 2) to base 16.
-d5
What is 10000 (base 2) in base 4?
100
-10 (base 9) to base 7
-12
What is -133 (base 7) in base 8?
-111
22 (base 3) to base 16
8
84 (base 15) to base 11
103
Convert -4 (base 12) to base 14.
-4
-6 (base 7) to base 2
-110
What is -4 (base 5) in base 10?
-4
What is -10 (base 2) in base 10?
-2
What is -47 (base 8) in base 14?
-2b
-6 (base 14) to base 13
-6
-7 (base 9) to base 15
-7
66 (base 16) to base 11
93
Convert 7 (base 12) to base 3.
21
9 (base 13) to base 2
1001
What is 91 (base 10) in base 9?
111
Convert -14 (base 5) to base 16.
-9
0 (base 9) to base 10
0
What is 4 (base 6) in base 7?
4
Convert 32 (base 8) to base 10.
26
Convert -24 (base 10) to base 3.
-220
Convert -4 (base 10) to base 11.
-4
Convert 2 (base 12) to base 2.
10
What is 54 (base 13) in base 6?
153
Convert 117 (base 9) to base 16.
61
Convert -5 (base 6) to base 10.
-5
36 (base 9) to base 4
201
Convert -52 (base 10) to base 4.
-310
Convert -7 (base 9) to base 16.
-7
Convert 40 (base 14) to base 13.
44
Convert -89 (base 14) to base 5.
-441
Convert 2 (base 15) to base 5.
2
-175 (base 10) to base 13
-106
What is -5 (base 13) in base 7?
-5
353 (base 7) to base 11
159
120 (base 3) to base 5
30
What is 7 (base 10) in base 14?
7
-1 (base 12) to base 8
-1
What is 35 (base 6) in base 2?
10111
What is -16 (base 13) in base 9?
-21
What is 1000110 (base 2) in base 14?
50
Convert -6 (base 16) to base 14.
-6
What is -19f (base 16) in base 14?
-219
-32 (base 9) to base 16
-1d
What is -21 (base 7) in base 5?
-30
332 (base 6) to base 8
200
120 (base 4) to base 3
220
0 (base 16) to base 12
0
Convert -33 (base 10) to base 5.
-113
-2314 (base 5) to base 7
-655
What is -3 (base 5) in base 2?
-11
1 (base 9) to base 12
1
Convert 4 (base 13) to base 4.
10
Convert 141 (base 6) to base 4.
331
-2 (base 10) to base 15
-2
-78 (base 13) to base 9
-120
What is 43 (base 6) in base 2?
11011
What is a4 (base 11) in base 15?
79
2e (base 15) to base 9
48
What is 114 (base 7) in base 11?
55
Convert -30 (base 6) to base 7.
-24
What is 22 (base 9) in base 15?
15
Convert -c (base 13) to base 10.
-12
What is -4 (base 6) in base 7?
-4
Convert -41 (base 10) to base 8.
-51
Convert 400 (base 5) to base 15.
6a
Convert 3 (base 12) to base 11.
3
Convert -2 (base 6) to base 11.
-2
Convert -11 (base 16) to base 3.
-122
Convert -5 (base 9) to base 3.
-12
Convert 331 (base 6) to base 15.
87
Conv